 divided by 39405?
0
Calculate the remainder when 282297 is divided by 1157.
1146
What is the remainder when 381 is divided by 231?
150
What is the remainder when 1424 is divided by 158?
2
What is the remainder when 1753 is divided by 412?
105
What is the remainder when 102423 is divided by 1176?
111
Calculate the remainder when 326030 is divided by 8.
6
What is the remainder when 23082 is divided by 405?
402
What is the remainder when 36068 is divided by 36058?
10
What is the remainder when 91501 is divided by 914?
101
Calculate the remainder when 264263 is divided by 17.
15
What is the remainder when 5729 is divided by 2749?
231
What is the remainder when 14799 is divided by 10?
9
Calculate the remainder when 4351 is divided by 4096.
255
What is the remainder when 2204 is divided by 226?
170
What is the remainder when 1653 is divided by 723?
207
Calculate the remainder when 15466 is divided by 141.
97
What is the remainder when 4863 is divided by 125?
113
Calculate the remainder when 5559 is divided by 63.
15
Calculate the remainder when 188510 is divided by 589.
30
Calculate the remainder when 922 is divided by 6.
4
Calculate the remainder when 4723 is divided by 139.
136
Calculate the remainder when 102595 is divided by 11.
9
Calculate the remainder when 10883 is divided by 45.
38
Calculate the remainder when 23390 is divided by 11687.
16
What is the remainder when 83332 is divided by 833?
32
Calculate the remainder when 34828 is divided by 270.
268
What is the remainder when 7354 is divided by 3675?
4
What is the remainder when 25034 is divided by 25011?
23
Calculate the remainder when 105822 is divided by 5291.
2
Calculate the remainder when 882 is divided by 162.
72
What is the remainder when 24102 is divided by 15?
12
Calculate the remainder when 2051 is divided by 44.
27
Calculate the remainder when 4126 is divided by 813.
61
Calculate the remainder when 628711 is divided by 1291.
1285
Calculate the remainder when 21923 is divided by 172.
79
What is the remainder when 22490 is divided by 77?
6
Calculate the remainder when 58535 is divided by 1932.
575
Calculate the remainder when 5948 is divided by 1484.
12
Calculate the remainder when 3596 is divided by 108.
32
Calculate the remainder when 7389 is divided by 283.
31
Calculate the remainder when 19736 is divided by 705.
701
Calculate the remainder when 1663 is divided by 51.
31
What is the remainder when 25716 is divided by 31?
17
What is the remainder when 7948 is divided by 318?
316
What is the remainder when 9055 is divided by 2867?
454
What is the remainder when 13987 is divided by 72?
19
What is the remainder when 215704 is divided by 53924?
8
Calculate the remainder when 145335 is divided by 559.
554
Calculate the remainder when 457113 is divided by 103.
102
Calculate the remainder when 11803 is divided by 311.
296
What is the remainder when 132101 is divided by 196?
193
Calculate the remainder when 2909 is divided by 159.
47
Calculate the remainder when 910786 is divided by 5.
1
Calculate the remainder when 8603 is divided by 2846.
65
Calculate the remainder when 5257 is divided by 1036.
77
What is the remainder when 15680 is divided by 3920?
0
What is the remainder when 7490 is divided by 183?
170
What is the remainder when 41191 is divided by 4575?
16
Calculate the remainder when 2341 is divided by 453.
76
Calculate the remainder when 70086 is divided by 1563.
1314
Calculate the remainder when 917 is divided by 118.
91
What is the remainder when 5143 is divided by 1696?
55
Calculate the remainder when 46924 is divided by 35.
24
Calculate the remainder when 88340 is divided by 147.
140
What is the remainder when 16823 is divided by 42?
23
What is the remainder when 34325 is divided by 116?
105
What is the remainder when 126484 is divided by 134?
122
Calculate the remainder when 52416 is divided by 197.
14
What is the remainder when 1862 is divided by 921?
20
Calculate the remainder when 29174 is divided by 4166.
12
Calculate the remainder when 60947 is divided by 20310.
17
What is the remainder when 8345 is divided by 139?
5
Calculate the remainder when 2524355 is divided by 6.
5
Calculate the remainder when 3122 is divided by 355.
282
What is the remainder when 2848 is divided by 21?
13
Calculate the remainder when 352587 is divided by 11.
4
What is the remainder when 16939 is divided by 12?
7
What is the remainder when 42236 is divided by 8440?
36
Calculate the remainder when 7090 is divided by 506.
6
Calculate the remainder when 12585 is divided by 12387.
198
Calculate the remainder when 985 is divided by 209.
149
Calculate the remainder when 12844 is divided by 6153.
538
What is the remainder when 109309 is divided by 17?
16
What is the remainder when 1145999 is divided by 80?
79
Calculate the remainder when 10112 is divided by 3369.
5
What is the remainder when 3512 is divided by 52?
28
Calculate the remainder when 8840 is divided by 1742.
130
What is the remainder when 16231 is divided by 123?
118
Calculate the remainder when 1434 is divided by 45.
39
Calculate the remainder when 6179 is divided by 1533.
47
What is the remainder when 116164 is divided by 484?
4
Calculate the remainder when 121574 is divided by 257.
13
Calculate the remainder when 1194107 is divided by 48.
11
Calculate the remainder when 43215 is divided by 146.
145
Calculate the remainder when 361 is divided by 26.
23
What is the remainder when 26577 is divided by 1302?
537
What is the remainder when 140268 is divided by 70101?
66
Calculate the remainder when 99 is divided by 46.
7
What is the remainder when 441703 is divided by 318?
1
What is the remainder when 2492997 is divided by 750?
747
Calculate the remainder when 1506 is divided by 80.
66
What is the remainder when 12355 is divided by 260?
135
What is the remainder when 139831 is divided by 76?
67
What is the remainder when 23040 is divided by 11520?
0
What is the remainder when 28463 is divided by 14228?
7
What is the remainder when 1743 is divided by 556?
75
Calculate the remainder when 183241 is divided by 6786.
19
What is the remainder when 111147 is divided by 74?
73
What is the remainder when 24883 is divided by 262?
255
What is the remainder when 10671 is divided by 10647?
24
Calculate the remainder when 3020 is divided by 900.
320
Calculate the remainder when 2559 is divided by 926.
707
What is the remainder when 214570 is divided by 21454?
30
What is the remainder when 224916 is divided by 205?
31
What is the remainder when 2741 is divided by 233?
178
What is the remainder when 562 is divided by 268?
26
What is the remainder when 16483 is divided by 10?
3
What is the remainder when 5047 is divided by 1006?
17
Calculate the remainder when 34201 is divided by 165.
46
Calculate the remainder when 191830 is divided by 3094.
2
Calculate the remainder when 13866 is divided by 31.
9
What is the remainder when 26310 is divided by 974?
12
What is the remainder when 6533 is divided by 544?
5
Calculate the remainder when 89594 is divided by 154.
120
Calculate the remainder when 34979 is divided by 152.
19
Calculate the remainder when 42400 is divided by 91.
85
Calculate the remainder when 2107814 is divided by 37.
35
What is the remainder when 10363 is divided by 2719?
2206
What is the remainder when 38684 is divided by 32?
28
Calculate the remainder when 83346 is divided by 27.
24
What is the remainder when 2644 is divided by 875?
19
What is the remainder when 18597 is divided by 171?
129
Calculate the remainder when 1904 is divided by 137.
123
Calculate the remainder when 7582 is divided by 472.
30
What is the remainder when 35469 is divided by 11?
5
What is the remainder when 219281 is divided by 179?
6
Calculate the remainder when 8795840 is divided by 166.
164
Calculate the remainder when 121114 is divided by 10092.
10
What is the remainder when 22832 is divided by 393?
38
What is the remainder when 626 is divided by 315?
311
Calculate the remainder when 1655 is divided by 195.
95
What is the remainder when 5639 is divided by 57?
53
What is the remainder when 3699 is divided by 3689?
10
Calculate the remainder when 3517 is divided by 15.
7
What is the remainder when 184774 is divided by 46190?
14
Calculate the remainder when 5043 is divid